is the highest common divisor of 13 and 97071?
13
What is the greatest common factor of 1989 and 292266?
117
Calculate the greatest common factor of 14588 and 448.
28
Calculate the highest common divisor of 188 and 3008611.
47
Calculate the highest common factor of 36 and 24588.
36
Calculate the greatest common divisor of 90 and 36495.
45
What is the highest common divisor of 666 and 2621598?
222
Calculate the highest common divisor of 536 and 12876328.
536
Calculate the highest common factor of 8 and 3178376.
8
Calculate the greatest common factor of 126 and 172494.
126
What is the highest common divisor of 122531 and 76?
19
Calculate the highest common divisor of 358 and 35263.
179
What is the highest common factor of 12 and 207436?
4
What is the greatest common factor of 9020 and 38704?
164
Calculate the greatest common factor of 349 and 988717.
349
Calculate the greatest common factor of 22361 and 1137.
379
What is the greatest common factor of 4988 and 3712?
116
Calculate the greatest common factor of 126 and 426.
6
What is the greatest common factor of 2068 and 226963?
517
Calculate the greatest common divisor of 983940 and 45.
15
Calculate the highest common factor of 12122 and 1247.
29
Calculate the greatest common divisor of 77 and 49687.
11
Calculate the highest common divisor of 224 and 92540.
28
What is the greatest common factor of 30083 and 1347?
449
Calculate the highest common factor of 20851 and 1682.
29
What is the greatest common factor of 41463 and 4743?
153
What is the greatest common factor of 292 and 2044657?
73
What is the highest common divisor of 210 and 24000?
30
What is the greatest common divisor of 199650 and 150?
150
What is the greatest common divisor of 5666475 and 75?
75
What is the highest common divisor of 2773848 and 33?
33
Calculate the highest common factor of 1254 and 171380.
418
Calculate the greatest common divisor of 82628 and 2392.
52
Calculate the highest common factor of 46037 and 817.
19
What is the highest common factor of 405460 and 2508?
836
What is the highest common factor of 24053 and 201?
67
Calculate the greatest common factor of 195 and 14105.
65
Calculate the highest common factor of 70 and 352968.
14
What is the highest common divisor of 135 and 40689?
27
Calculate the greatest common factor of 39 and 4089.
3
Calculate the greatest common divisor of 6798 and 9167.
103
What is the highest common divisor of 1184 and 23168?
32
Calculate the greatest common divisor of 214535 and 535.
535
Calculate the highest common divisor of 6929 and 41.
41
Calculate the highest common divisor of 1117037 and 131.
131
What is the highest common divisor of 5312 and 143092?
332
What is the highest common divisor of 7575091 and 57?
19
What is the highest common factor of 2230 and 310?
10
Calculate the highest common factor of 6446 and 50689.
293
What is the greatest common factor of 2226094 and 13?
13
What is the highest common divisor of 16 and 8948?
4
What is the highest common divisor of 243 and 5193?
9
What is the highest common divisor of 141 and 847551?
141
Calculate the greatest common factor of 4056206 and 28.
14
What is the greatest common divisor of 98543 and 1?
1
Calculate the highest common divisor of 88 and 61633.
11
Calculate the highest common factor of 4660 and 160.
20
What is the greatest common factor of 22158 and 2304?
18
What is the greatest common factor of 21 and 535983?
21
Calculate the greatest common factor of 1785 and 2028355.
595
What is the highest common factor of 3059 and 19665?
437
What is the greatest common factor of 7583175 and 25?
25
Calculate the highest common factor of 176 and 162832.
16
What is the greatest common factor of 57967 and 325?
13
Calculate the highest common divisor of 1754009 and 17.
17
What is the highest common factor of 6182 and 220?
22
What is the greatest common divisor of 565 and 632687?
113
Calculate the greatest common factor of 19987 and 9108.
253
Calculate the highest common factor of 102124 and 29524.
484
What is the highest common factor of 2618 and 15246?
154
Calculate the greatest common divisor of 1969 and 276197.
179
What is the greatest common divisor of 103 and 382439?
103
Calculate the highest common divisor of 1165 and 685.
5
Calculate the highest common factor of 11 and 32483.
11
What is the greatest common factor of 329670 and 792?
198
Calculate the greatest common factor of 326 and 289162.
326
Calculate the greatest common divisor of 15 and 121515.
15
Calculate the greatest common divisor of 23 and 2162207.
23
Calculate the highest common divisor of 840 and 870.
30
What is the highest common divisor of 1017 and 19549?
113
What is the greatest common divisor of 7655824 and 48?
16
What is the greatest common divisor of 5935 and 327612?
1187
Calculate the highest common factor of 22 and 15210.
2
Calculate the greatest common divisor of 638 and 177683.
319
Calculate the greatest common divisor of 37272 and 198.
6
What is the greatest common divisor of 60 and 1117875?
15
What is the highest common divisor of 1313 and 1664?
13
Calculate the highest common factor of 846 and 1042272.
846
What is the highest common divisor of 16950 and 12?
6
Calculate the greatest common divisor of 360 and 162315.
45
What is the highest common divisor of 12207 and 39?
39
What is the highest common divisor of 104 and 74594?
26
What is the greatest common divisor of 3683 and 12319?
127
Calculate the highest common divisor of 102228 and 252.
84
What is the greatest common factor of 1465 and 45290?
5
What is the greatest common divisor of 8644 and 196?
4
What is the highest common divisor of 99 and 14139?
9
What is the highest common divisor of 747 and 11853?
9
What is the greatest common factor of 1578 and 66802?
526
Calculate the greatest common factor of 53 and 1263043.
53
Calculate the greatest common divisor of 9038 and 190.
2
What is the greatest common factor of 16176 and 28848?
48
What is the highest common divisor of 24426 and 966?
138
What is the highest common factor of 1377565 and 70?
35
Calculate the highest common divisor of 794330 and 110.
10
Calculate the greatest common factor of 15012 and 148.
4
What is the highest common divisor of 885 and 37701?
177
Calculate the greatest common factor of 1788 and 1803198.
894
What is the highest common factor of 566979 and 4872?
609
Calculate the highest common factor of 14986 and 381.
127
What is the highest common factor of 960000 and 165?
15
What is the greatest common factor of 674824 and 4288?
536
Calculate the greatest common factor of 36 and 87228.
36
What is the greatest common factor of 1343174 and 1036?
518
What is the greatest common factor of 4619648 and 8?
8
Calculate the greatest common factor of 1801120 and 40.
40
What is the greatest common divisor of 42276 and 540?
12
Calculate the greatest common divisor of 496 and 29636.
124
What is the highest common divisor of 491942 and 22?
22
Calculate the greatest common divisor of 1161187 and 485.
97
What is the highest common factor of 84959 and 21?
7
What is the greatest common divisor of 47847 and 88303?
389
What is the greatest common factor of 241435 and 1635?
545
Calculate the highest common factor of 142648 and 968.
88
Calculate the greatest common divisor of 330 and 8460.
30
What is the greatest common divisor of 61711 and 171080?
611
What is the greatest common divisor of 49735 and 1960?
245
What is the greatest common factor of 77671 and 35919?
307
Calculate the highest common factor of 29010 and 150.
30
Calculate the highest common factor of 13319 and 57.
19
Calculate the highest common factor of 178 and 487008.
178
Calculate the highest common divisor of 66 and 410322.
66
What is the highest common factor of 2880 and 98460?
180
What is the greatest common factor of 921476 and 20?
4
Calculate the highest common factor of 171 and 160170.
57
Calculate the highest common factor of 543 and 71676.
543
What is the highest common factor of 23490 and 4582?
58
What is the highest common divisor of 683587 and 6715?
1343
What is the highest common divisor of 18064 and 1552?
16
Calculate the highest common divisor of 90 and 87660.
90
What is the greatest common factor of 9836 and 8?
4
What is the greatest common factor of 111 and 140304?
111
Calcula